{"id":103,"date":"2018-12-17T14:03:58","date_gmt":"2018-12-17T11:03:58","guid":{"rendered":"http:\/\/damlaetiketnet.furkanakten.com.tr\/?page_id=103"},"modified":"2024-10-27T18:11:57","modified_gmt":"2024-10-27T15:11:57","slug":"hizmetlerimiz","status":"publish","type":"page","link":"https:\/\/damlaetiket.net\/index.php\/hizmetlerimiz\/","title":{"rendered":"H\u0130ZMETLER\u0130M\u0130Z"},"content":{"rendered":"\n<div class=\"wp-block-media-text alignwide\"><figure class=\"wp-block-media-text__media\"><img loading=\"lazy\" decoding=\"async\" width=\"1024\" height=\"683\" src=\"http:\/\/damlaetiketnet.furkanakten.com.tr\/wp-content\/uploads\/2019\/01\/2-1-1024x683.jpg\" alt=\"\" class=\"wp-image-319\" srcset=\"https:\/\/damlaetiket.net\/wp-content\/uploads\/2019\/01\/2-1-1024x683.jpg 1024w, https:\/\/damlaetiket.net\/wp-content\/uploads\/2019\/01\/2-1-300x200.jpg 300w, https:\/\/damlaetiket.net\/wp-content\/uploads\/2019\/01\/2-1-768x512.jpg 768w\" sizes=\"auto, (max-width: 1024px) 100vw, 1024px\" \/><\/figure><div class=\"wp-block-media-text__content\">\n<p style=\"text-align:center\" class=\"has-text-color has-medium-font-size has-vivid-red-color\"><strong>DAMLA ET\u0130KET<\/strong><\/p>\n\n\n\n<p style=\"font-size:12px\"> Damla etiket, istenilen b\u00f6lgeyi \u015feffaf bir \u015fekilde saran ve donduktan sonra korumaya ba\u015flayan bir kimyasal \u00fcr\u00fcnd\u00fcr. <\/p>\n\n\n\n<p style=\"font-size:12px\"> Damla etiket kullan\u0131m alanlar\u0131 \u015funlard\u0131r: Reklamc\u0131l\u0131k, End\u00fcstri, mobilya, otomotiv, bilgisayar, cep telefonlar\u0131 ve mobil ara\u00e7lar. <\/p>\n\n\n\n<p style=\"font-size:12px\"> Ayr\u0131ca g\u00fcvenlik etiketlerini korumak amac\u0131yla, tekstil sekt\u00f6r\u00fc ve ayd\u0131nlatma alanlar\u0131nda yayg\u0131n olarak kullan\u0131lmaktad\u0131r. <\/p>\n<\/div><\/div>\n\n\n\n<div class=\"wp-block-media-text alignwide\"><figure class=\"wp-block-media-text__media\"><img loading=\"lazy\" decoding=\"async\" width=\"1024\" height=\"768\" src=\"http:\/\/damlaetiketnet.furkanakten.com.tr\/wp-content\/uploads\/2018\/12\/dijital-baski-denizler-reklam-1024x768.png\" alt=\"\" class=\"wp-image-147\" srcset=\"https:\/\/damlaetiket.net\/wp-content\/uploads\/2018\/12\/dijital-baski-denizler-reklam-1024x768.png 1024w, https:\/\/damlaetiket.net\/wp-content\/uploads\/2018\/12\/dijital-baski-denizler-reklam-300x225.png 300w, https:\/\/damlaetiket.net\/wp-content\/uploads\/2018\/12\/dijital-baski-denizler-reklam-768x576.png 768w, https:\/\/damlaetiket.net\/wp-content\/uploads\/2018\/12\/dijital-baski-denizler-reklam.png 1050w\" sizes=\"auto, (max-width: 1024px) 100vw, 1024px\" \/><\/figure><div class=\"wp-block-media-text__content\">\n<p style=\"text-align:center\" class=\"has-text-color has-medium-font-size has-vivid-red-color\"><strong>D\u0130J\u0130TAL BASKI<\/strong><\/p>\n\n\n\n<p style=\"font-size:12px\"> Dijital bask\u0131 uzmanl\u0131\u011f\u0131m\u0131z g\u00fcvenilirlik, sa\u011flaml\u0131k, y\u00fcksek renk ve g\u00f6r\u00fcnt\u00fc kalitesiyle 25 y\u0131ll\u0131k tecr\u00fcbemize dayan\u0131r. <\/p>\n<\/div><\/div>\n","protected":false},"excerpt":{"rendered":"<p>DAMLA ET\u0130KET Damla etiket, istenilen b\u00f6lgeyi \u015feffaf bir \u015fekilde saran ve donduktan sonra korumaya ba\u015flayan bir kimyasal \u00fcr\u00fcnd\u00fcr. Damla etiket kullan\u0131m alanlar\u0131 \u015funlard\u0131r: Reklamc\u0131l\u0131k, End\u00fcstri, mobilya, otomotiv, bilgisayar, cep telefonlar\u0131 ve mobil ara\u00e7lar. Ayr\u0131ca g\u00fcvenlik etiketlerini korumak amac\u0131yla, tekstil sekt\u00f6r\u00fc ve ayd\u0131nlatma alanlar\u0131nda yayg\u0131n olarak kullan\u0131lmaktad\u0131r. D\u0130J\u0130TAL BASKI Dijital bask\u0131 uzmanl\u0131\u011f\u0131m\u0131z g\u00fcvenilirlik, sa\u011flaml\u0131k, y\u00fcksek renk [&hellip;]<\/p>\n","protected":false},"author":1,"featured_media":0,"parent":0,"menu_order":0,"comment_status":"closed","ping_status":"closed","template":"","meta":{"ngg_post_thumbnail":0,"footnotes":""},"class_list":["post-103","page","type-page","status-publish","hentry"],"_links":{"self":[{"href":"https:\/\/damlaetiket.net\/index.php\/wp-json\/wp\/v2\/pages\/103","targetHints":{"allow":["GET"]}}],"collection":[{"href":"https:\/\/damlaetiket.net\/index.php\/wp-json\/wp\/v2\/pages"}],"about":[{"href":"https:\/\/damlaetiket.net\/index.php\/wp-json\/wp\/v2\/types\/page"}],"author":[{"embeddable":true,"href":"https:\/\/damlaetiket.net\/index.php\/wp-json\/wp\/v2\/users\/1"}],"replies":[{"embeddable":true,"href":"https:\/\/damlaetiket.net\/index.php\/wp-json\/wp\/v2\/comments?post=103"}],"version-history":[{"count":15,"href":"https:\/\/damlaetiket.net\/index.php\/wp-json\/wp\/v2\/pages\/103\/revisions"}],"predecessor-version":[{"id":369,"href":"https:\/\/damlaetiket.net\/index.php\/wp-json\/wp\/v2\/pages\/103\/revisions\/369"}],"wp:attachment":[{"href":"https:\/\/damlaetiket.net\/index.php\/wp-json\/wp\/v2\/media?parent=103"}],"curies":[{"name":"wp","href":"https:\/\/api.w.org\/{rel}","templated":true}]}}